me factors of x(c).
3
Suppose -h = -5*h - 2*o + 1066, 5*h - 1340 = -o. What are the prime factors of h?
269
Let m = 10 - -586. List the prime factors of m.
2, 149
Let l(j) = 2*j**2 - 4*j + 3. Let v be l(2). Suppose 0 = 2*k - 4*c, v*k + 5*c - 2 - 9 = 0. What are the prime factors of 363/9 + k/(-6)?
2, 5
Suppose -l = -0*l + b - 7, l = -5*b + 27. Suppose l*f + 2 = 8. Suppose -4*c + 2*z = -6, 5*c - 10 + 4 = f*z. What are the prime factors of c?
3
Let s(i) = i**2 + i + 4. Suppose -3*q + 3 = -r - 4, 3*q + 4*r - 2 = 0. Suppose -b = -q*b. List the prime factors of s(b).
2
Suppose 4*f + 16 - 44 = 0. Let d = 67 + -63. Let j = f - d. List the prime factors of j.
3
Let b = -5 + 7. Let o(q) = 7*q**2 + 2*q - 3. List the prime factors of o(b).
29
Let w(m) = 3*m - 44. Let r be w(18). Suppose -216 = 6*p - r*p. What are the prime factors of p?
2, 3
Let p(r) = -3*r + 8. Suppose 0 = 3*l + 3, 5*d + 4*l = 2*l - 42. List the prime factors of p(d).
2
Let d = -5 + 7. Suppose -d*j - 10 = -7*j. Suppose j*w - 17 - 13 = 0. What are the prime factors of w?
3, 5
List the prime factors of (-11)/(-28 + 6)*6830.
5, 683
Suppose 132 = 18*x + 4*x. Let g(j) = -j**2 - 7*j - 6. Let z be g(-5). What are the prime factors of (27/x - z)*14?
7
Let b(j) = j**2 + 12*j - 5. Suppose 3 + 1 = -5*v + 2*q, 5*q - 10 = v. Suppose 2*s + 28 = -v. What are the prime factors of b(s)?
23
Suppose 54 = -0*p - 2*p. List the prime factors of -2*(p + (-3)/3).
2, 7
Suppose 7 = -i + 27. Suppose 3*t - 1 = i. What are the prime factors of t + 23 + 4/(-2)?
2, 7
List the prime factors of 4/(-14) - (-8166)/14.
11, 53
Let r(t) be the first derivative of t**3/3 - 9*t**2/2 + 7*t + 10. Let q(c) = -c**3 - 6*c**2 - 6*c + 5. Let f be q(-5). What are the prime factors of r(f)?
17
Let l = 483 + -288. Suppose -l = -6*i + i. What are the prime factors of i?
3, 13
Let q(k) = -9 - 4 + 13*k - 27 + 8*k. What are the prime factors of q(16)?
2, 37
Suppose -5*k + 2*k - 2*f = -6, -f = 3. Suppose 0*y - 4*j = 3*y - 283, -k*y + 4*j = -396. List the prime factors of y.
97
Let t be -2*(-6)/(-4) + 48/6. Let w(s) = -s**3 + 7*s**2 + 2*s - 5. List the prime factors of w(t).
5, 11
Let r = -26 + 30. Suppose -t = -2*q + 3*t + 144, -r*q = 3*t - 310. What are the prime factors of q?
2, 19
Let r(o) = -o**3 - 6*o**2 - 4*o - 2. Let y(d) = -d**3 - 6*d**2 - 4*d - 3. Let x(s) = 4*r(s) - 5*y(s). What are the prime factors of x(-5)?
2, 3
Let w(o) be the second derivative of o**5/20 - 5*o**4/12 - 3*o**2 - 2*o + 27. What are the prime factors of w(8)?
2, 3, 31
Suppose 2*v + 2 - 4 = -5*z, -4*z + 4*v = -24. Suppose -z*a + 268 = 2*a. List the prime factors of a.
67
Let t be (-4)/((-8)/4) + -4. Let h(a) = -a. Let i(r) = 2*r + 10. Let q(p) = t*h(p) + i(p). What are the prime factors of q(3)?
2, 11
Let z be (-1)/(-4) - 5/((-80)/444). What are the prime factors of -11 + z - -1*3?
2, 5
Suppose k - 4*z = 394, -z + 2033 = 8*k - 3*k. What are the prime factors of k?
2, 7, 29
Suppose -23*z - 1972 = -35552. List the prime factors of z.
2, 5, 73
List the prime factors of (-716)/2*((-10)/4 - 0).
5, 179
Let x be 1/(16/(-6) + 3). Suppose -c - x*p = -9, 3*c - c - 3*p = 0. Suppose 4*n - 20 = -c*q + 61, 5*n - 104 = -q. What are the prime factors of n?
3, 7
Suppose -3 = -6*f - 75. Let g(i) = i**3 + 13*i**2 + 9*i - 9. What are the prime factors of g(f)?
3
Suppose 0 = -5*y - 0*y + h + 339, 0 = -y - 3*h + 55. Let s = 120 - y. Let u = 88 - s. What are the prime factors of u?
5, 7
Let b(f) be the first derivative of 4*f + 1/3*f**3 + 6 + 0*f**2. What are the prime factors of b(-5)?
29
Let y be (-6)/(-21) + (92/(-28) - -4). Let g(m) = 141*m + 1. List the prime factors of g(y).
2, 71
Let l(h) = h**2 - 3*h + 1. Let o be l(4). Let u be (-65736)/(-462) + (-2)/7. Suppose -5*q + u = 4*n - 4*q, o*q = n - 25. What are the prime factors of n?
5, 7
Let t = -966 - -2062. What are the prime factors of t?
2, 137
Suppose 4*t - 9503 = -3*c, 2*t + 4*c = -t + 7122. What are the prime factors of t?
2, 29, 41
List the prime factors of -3124*((-27)/18)/3.
2, 11, 71
Let n = -618 + 870. What are the prime factors of n?
2, 3, 7
Suppose o - 5 = -3. Suppose -t = 357 - 419. Suppose t = o*l + 2*p, -l + 3*p + 10 = -13. List the prime factors of l.
29
Suppose 5*p = 628 + 202. List the prime factors of p.
2, 83
Suppose 0 = -3*u - 4*w + 5216, -10*u - 3*w = -7*u - 5211. List the prime factors of u.
2, 433
Suppose 0 = -19*d + 419 + 17460. List the prime factors of d.
941
Suppose 8*k - 7 = 7*k. Let z = 78 - k. Suppose 3*y - z = 25. What are the prime factors of y?
2
Let f be (-2)/(14/(-4) + 3). Suppose 18 = f*b + 2*b. Suppose -k - 76 = -b*k. What are the prime factors of k?
2, 19
Suppose -2*q + 1 = -9. Suppose 2*f = q*f. Suppose f = 3*c - c - 36. What are the prime factors of c?
2, 3
Suppose i - 90 = -r, 5*i - 2*i = -5*r + 278. List the prime factors of i.
2, 43
Let i = 2548 + 180. List the prime factors of i.
2, 11, 31
Suppose -5*w = -2*w. Suppose -5*q + 38 + 22 = w. Suppose -4*g - 52 = -n - n, n - q = -5*g. List the prime factors of n.
2, 11
Suppose 0 = -2*b + 156*k - 152*k + 4552, -3*b + 5*k = -6825. What are the prime factors of b?
2, 5, 227
Let y(a) = 4*a**3 + 7*a**2 + 9*a - 48. What are the prime factors of y(6)?
2, 3, 11, 17
Let t(g) = -834*g - 551. List the prime factors of t(-7).
17, 311
List the prime factors of 21267/36 - (-3)/12.
3, 197
Let r = 116 + -207. Let s be 0/(-9) - r/1. Suppose 74 = 5*p - s. What are the prime factors of p?
3, 11
Suppose -5*p - 671 = -16*p. Suppose 3*a - z = 4*z + 31, 5*a + 5 = -3*z. What are the prime factors of p/3 + a/3?
3, 7
Suppose m = -0*m. Suppose 4*a + m*a - 60 = 0. Let x = a - 8. What are the prime factors of x?
7
Suppose -35*l = -27*l - 2392. What are the prime factors of l?
13, 23
Suppose 4*c = -5*z + 1128, c = -23*z + 26*z + 265. What are the prime factors of c?
277
Let z(s) = 120*s + 74. What are the prime factors of z(12)?
2, 757
Suppose -d - 3776 = -3*v + 1774, -5*d = v - 1850. What are the prime factors of v?
2, 5, 37
Let r(t) = t + 3. Let b(d) = d**3 - 12*d**2 - 13*d. Let i be b(13). Let x be r(i). Suppose -x*f = -46 - 5. List the prime factors of f.
17
Let z(t) = 1 - 4*t - 2*t + 3 + t. What are the prime factors of z(-7)?
3, 13
Suppose 30*l - 37584 = 22*l. What are the prime factors of l?
2, 3, 29
Suppose 48*o - 53*o + 275 = 0. Suppose -4*c + 169 - 41 = 0. Let y = o - c. What are the prime factors of y?
23
Suppose 0 = i + f + f - 1, f = 3*i - 17. Suppose -i*v + 175 = l + 4*l, 0 = 5*l - 15. What are the prime factors of v?
2
Let p be (-1 + 34/2)*4. Let g be (p/6)/(1/(-3)). Let y = -7 - g. List the prime factors of y.
5
Let g(l) = l**3 + 8*l**2 + 7*l + 4. Let y be g(-7). Suppose -y*v - v = -5. Suppose 0 = d - 4 - v. What are the prime factors of d?
5
Let c be 2/((-10)/330*(-3)/(-7)). Let d = -92 - c. List the prime factors of d.
2, 31
Let a(f) = -f**2 + 11*f - 25. List the prime factors of a(5).
5
Let v(r) = -15*r - 9. Let f(k) = 16*k + 9. Let a(g) = -2*f(g) - 3*v(g). Suppose 4*c - 37 = -21. What are the prime factors of a(c)?
61
Suppose -5*b - 20 = -0*b. Let u(n) = -22*n + 83. Let q be u(4). List the prime factors of q/(-3 - b/8).
2
Suppose 2*v - 416 = -4*l, 2*v - v - 514 = -5*l. Let y = l - 45. Let f = 90 - y. List the prime factors of f.
3, 11
Let v be 27/63 + 6/(-14). Suppose 6 = 3*l, v = 3*h + 2*h - 2*l - 1311. What are the prime factors of h?
263
Suppose 2*z + 0*z - 42 = -3*i, 3*z + 5*i = 64. Let j = z + -16. What are the prime factors of 10/5*3/j?
3
Let l = -114 - -178. Let z = l + 64. What are the prime factors of 1/((28/z)/7)?
2
Let p(n) = n**3 - 2*n**2 - 6*n + 1. Suppose -28 = -0*a - 4*a. What are the prime factors of p(a)?
2, 3, 17
Let y(r) = -12*r + 88. List the prime factors of y(-33).
2, 11
List the prime factors of (-15)/1*6/(54/(-1059)).
5, 353
Let u be 60/14 - 46/161. Let w(s) = 4*s**2 - u*s**2 - 8*s + 2*s**2 - s**2 - 4. List the prime factors of w(-5).
61
What are the prime factors of 15*12/18*13?
2, 5, 13
Let k = -1179 - -2007. What are the prime factors of k?
2, 3, 23
Let r be 1/(-2) - 5/(-2). Suppose -r*o + 8 = -0*o. Suppose 5 = s - o. List the prime factors of s.
3
Suppose -4*n + 1489 = -271. List the prime factors of n.
2, 5, 11
Suppose 3*w + 590 = u, -2*w + 2360 = 4*u + w. Suppose -5*a + m = -u, 2*a - 5*a + 354 = 2*m. What are the pri